 232 - 107. What is the greatest common factor of y and 50?
25
Suppose -q - 220 = 5*w - 3*q, 220 = -5*w + 5*q. Let a = w - 3. Let t = 30 - a. Calculate the highest common factor of 7 and t.
7
Let l(b) = -b**2 - 16*b + 35. Let i be l(-17). Calculate the highest common factor of i and 126.
18
Let y = -64 + 11. Let c = 28 + y. Let g = c + 37. What is the greatest common factor of 12 and g?
12
Let p be (182/70)/(2/10). Let i be ((-1)/(-1))/(2/(-12)). Let u(y) = 2*y**2 + 3*y - 2. Let c be u(i). Calculate the greatest common factor of p and c.
13
Suppose -5*v + 280 = -0*v. Suppose 5*w - 4*w = 7. What is the greatest common divisor of w and v?
7
Let t = 18 + 26. Let l(y) = 3*y**2 - 5*y + 9. Let u be l(2). Calculate the highest common divisor of t and u.
11
Let b(x) = -7*x**3 - 2*x**2 - x - 3. Let p be b(-3). What is the greatest common factor of 57 and p?
57
Let j be (-2)/(-2) + -3 + 5. Let s(t) = t**2 + t + 4. Let i be (-2)/(-4) + (-42)/(-12). Let h be s(i). Calculate the highest common factor of h and j.
3
Let x = 12 - 9. Suppose 3*o - x - 6 = 0. What is the greatest common divisor of o and 21?
3
Let a = 0 - -2. Suppose -a*y = -7*y + 5. Let w be (-2)/(-5)*(y + 9). Calculate the highest common divisor of 2 and w.
2
Let z be (-20)/(-10) + (-1 - -2). Suppose -d = -5*u - 81, z*d + 3*u - 294 = u. Calculate the greatest common divisor of d and 12.
12
Let n(x) = 7*x + 5. Let j be n(5). Let q = j + -26. Calculate the greatest common factor of 154 and q.
14
Suppose 2*t + 5 = 33. Suppose 0 = j - 3*j + 28. Calculate the greatest common factor of j and t.
14
Let u be (1 + 83)*(-6)/(-7). Calculate the greatest common factor of 24 and u.
24
Suppose 0 = -17*k + 11*k + 150. What is the greatest common factor of 15 and k?
5
Suppose -w = w - 10. Suppose w*a = 10*a. Suppose -z + 4 + 17 = a. Calculate the greatest common divisor of 3 and z.
3
Let i be 66/8 + 2/(-8). Let y = -10 + 12. Suppose 0 = -2*z - 5*w + 62 - 14, 0 = y*w. Calculate the greatest common divisor of z and i.
8
Suppose l - 4*l + 18 = 4*h, 0 = -3*h. Calculate the greatest common divisor of l and 9.
3
Let q = -5 + 26. What is the highest common factor of 84 and q?
21
Suppose 0*n + 21 = 5*n + 2*g, 0 = 5*n + g - 18. Calculate the greatest common divisor of 3 and n.
3
Let l = -4 + 7. Suppose 0 = 4*f - 1 - l. Suppose -f = u - 2*u. What is the highest common factor of u and 7?
1
Let k be (15/(-10))/((-2)/140). Suppose k = 4*i + v, -5*i - 5*v + 132 = -4*v. Calculate the highest common factor of 27 and i.
27
Let o(k) = -k**3 + 8*k**2 + 13*k - 5. Let g be o(9). Calculate the highest common factor of g and 279.
31
Suppose 303 = 4*w + 3*j, -w - 7*j + 97 = -2*j. Let y(r) = 7*r**3 - 2*r**2. Let a be y(2). What is the greatest common divisor of a and w?
24
Suppose -42 - 82 = -2*k. Let f = k + -38. What is the greatest common divisor of f and 12?
12
Suppose w + x + 5 = 5*x, 0 = -5*w - 2*x + 19. Suppose -119 - 145 = -w*g. Suppose 28 = 5*p - 12. What is the greatest common factor of g and p?
8
Let y = -63 + 174. What is the greatest common factor of 74 and y?
37
Suppose 2*s + 3*v - 7 = 1, 4*s = 3*v + 16. Suppose 2*p = -s*l + 47 + 85, -4*l + 3*p = -132. Calculate the greatest common divisor of l and 11.
11
Suppose 3*v + 2*s - 205 = 0, -4*v + 5*s + 240 = s. Suppose 1 = -o + 14. What is the greatest common divisor of o and v?
13
Suppose -f = f. Suppose -3*y + h + 32 = -3*h, -5*y - 5*h - 5 = f. Suppose y*u = -u - d + 151, 3*u + 4*d = 94. What is the greatest common factor of 12 and u?
6
Suppose -2*n + 0*n = -30. Calculate the highest common factor of 135 and n.
15
Let u = -3 - -6. Calculate the greatest common divisor of 27 and u.
3
Suppose 0 = 4*g + g - 10. Suppose g*c = 0, -88 = -3*n + 3*c + 104. Calculate the highest common factor of n and 16.
16
Suppose 2*b + 3*f = 27 + 1, -4*b = -2*f - 24. Suppose -176 = -0*s - 2*s - 4*w, 0 = -4*s - 5*w + 352. What is the highest common divisor of b and s?
8
Let j = 4 - -1. Let f be (-4 + j)/((-1)/(-2)). Suppose 3*x = 2*x + 2. What is the greatest common divisor of f and x?
2
Suppose -2*y + 4*u - 305 = -5*y, -5*u = y - 120. Calculate the greatest common divisor of y and 5.
5
Suppose -4 - 8 = -3*s. Let r be (12 + -3)/(6/s). Suppose -4*n + 2*b = -152 - 66, -n - 5*b = -49. Calculate the greatest common factor of r and n.
6
Let v(h) = -h**2 - 22*h + 6. Let l be v(-20). What is the greatest common divisor of 23 and l?
23
Let r = 9 - 5. Let l be 9/(-2*r/(-264)). Calculate the greatest common factor of l and 27.
27
Let o = 258 - 63. Suppose -8*g = -5*g - o. Calculate the highest common divisor of 26 and g.
13
Let t(r) = -r**2 + 12*r + 18. Let z be t(13). Calculate the highest common factor of 2 and z.
1
Let s be 2 + -15*2/(-2). Suppose 11 = 5*p - 2*f - 6, -4*p + s = -5*f. Calculate the highest common factor of p and 27.
3
Let o = -16 + 9. Let c(u) = -19*u - 16. Let w be c(o). What is the greatest common factor of w and 13?
13
Let h(v) = 5*v - 55. Let d be h(17). What is the highest common factor of d and 20?
10
Suppose -4*o = i - 18, -3*o + i - 8 = -5*o. Suppose -b + g = -2*b + 5, 4*b = g - 5. Let p = 5 + b. Calculate the highest common divisor of p and o.
5
Let v(f) = f**3 + 3*f**2 - 9*f - 6. Let r be v(-4). Suppose 5*z = -8 - 7, -2*k = -5*z - 127. Calculate the highest common factor of k and r.
14
Suppose -2*x + 0*x = 2*s - 36, -31 = -2*s - 3*x. Calculate the highest common divisor of s and 69.
23
Suppose 2*p + 5*i + 10 = 5*p, 5*p = -4*i - 8. Suppose p = -2*b + 38 + 42. Calculate the highest common divisor of b and 4.
4
Let s(h) = 6*h**3 - 2*h**2 + 4*h - 8. Let i be s(2). What is the highest common factor of 100 and i?
20
Let q(c) = 58*c + 3. Let t be q(2). Suppose o - b = 40, -3*o + t = 2*b - 4*b. What is the highest common factor of o and 13?
13
Suppose -7*t + 11 + 10 = 0. What is the highest common factor of t and 4?
1
Suppose 2*c - 5 = -1. Let t(u) = 6*u**3 + 2*u**2 - 2. Let p be t(c). Let x = p - -42. Calculate the greatest common divisor of 12 and x.
12
Let l(x) = 0*x**2 + 15*x**2 + 3*x + 6*x**2. Let u be l(-3). Calculate the greatest common factor of u and 18.
18
Let t(m) = -m - 5. Let k be t(-5). Suppose -4*b + b + 117 = k. Calculate the highest common factor of b and 13.
13
Let o(u) = -u**2 - 4*u. Let h be o(-2). Suppose h*w - 48 = -0*w. Suppose -8 = -2*q + 3*g + 6, 5*g + 6 = -q. Calculate the highest common factor of q and w.
4
Suppose 6*f - 21 = 3*f - y, 0 = -5*f - 3*y + 31. Suppose 0 = -3*x + f + 10. Calculate the highest common divisor of x and 12.
6
Let p be (56/(-12))/((-3)/9). Calculate the greatest common factor of p and 126.
14
Let b(g) be the second derivative of 39/10*g**5 + 3*g - 1/2*g**2 + 0 + 1/6*g**3 - 1/12*g**4. Let n be b(1). Calculate the highest common divisor of n and 7.
7
Suppose 3*v = v + 14. What is the highest common divisor of 14 and v?
7
Let f be (-4)/(-6) + (-172)/(-12). Let y = 21 - f. Calculate the highest common divisor of y and 12.
6
Let u = -121 - -58. Let j be 9/(-3) - (u + 4). What is the greatest common factor of 7 and j?
7
Suppose 9*y - 30 = 4*y. Let z(v) = v**2 - 479 + 482 + 0*v**2 - 4*v. Let p be z(y). Calculate the greatest common factor of p and 6.
3
Suppose -2*r = 3*r - 170. Calculate the highest common divisor of 306 and r.
34
Let y = 64 + -37. Let x = y + -17. Let t(k) = -k**3 - 8*k**2 - 4*k + 8. Let z be t(-8). What is the highest common divisor of x and z?
10
Let y(q) = 2*q**2 + q + 1. Let u be y(-1). Calculate the highest common divisor of u and 22.
2
Suppose c - 32 - 148 = 0. Let z = -61 + c. Calculate the greatest common divisor of 17 and z.
17
Suppose -2*c + 11 = -2*z - 3*c, 2*c + 10 = 0. Let a be 2/3 - 43/z. Let j = -136 + 271. What is the highest common factor of a and j?
15
Suppose -t = -3*x + 23, x - 6*x + 3*t = -37. Suppose -5*s = 2*r + 25, -s - 7 = -5*r - 29. Let j = r + 21. What is the highest common divisor of j and x?
8
Let d = -65 + 83. What is the greatest common factor of 126 and d?
18
Let j(p) = -p**3 + 6*p**2 + 8*p - 9. Let t be j(5). Calculate the greatest common factor of 16 and t.
8
Let f = 24 - 4. Suppose -151 - 5 = -2*i. Let b = i + -28. What is the highest common divisor of b and f?
10
Let c = -39 - -53. Calculate the greatest common divisor of 2 and c.
2
Let b be 1*-1*0/1. Suppose -3*t - 44 = -4*t. Suppose j